d 668?
4
What is the greatest common divisor of 91 and 1183?
91
What is the highest common divisor of 299 and 161?
23
Calculate the highest common factor of 35 and 45.
5
Calculate the greatest common divisor of 58 and 2146.
58
Calculate the highest common divisor of 38 and 950.
38
What is the highest common divisor of 2304 and 16?
16
Calculate the highest common factor of 69 and 6.
3
What is the greatest common factor of 7 and 819?
7
Calculate the highest common factor of 339 and 6554.
113
Calculate the highest common factor of 826 and 944.
118
What is the highest common divisor of 216 and 584?
8
What is the greatest common divisor of 50 and 270?
10
Calculate the greatest common divisor of 1692 and 132.
12
Calculate the highest common divisor of 539 and 616.
77
What is the highest common divisor of 5 and 6?
1
What is the highest common divisor of 1032 and 645?
129
What is the highest common divisor of 96 and 320?
32
Calculate the highest common divisor of 136 and 60656.
136
Calculate the highest common divisor of 60 and 7800.
60
What is the greatest common divisor of 65 and 2678?
13
What is the greatest common divisor of 732 and 48?
12
What is the greatest common factor of 4648 and 1494?
166
What is the greatest common divisor of 189 and 231?
21
What is the highest common factor of 413 and 472?
59
Calculate the greatest common factor of 22 and 3586.
22
What is the highest common divisor of 126 and 18102?
42
Calculate the greatest common divisor of 513 and 399.
57
Calculate the greatest common divisor of 114 and 6.
6
What is the highest common divisor of 369 and 3567?
123
Calculate the greatest common divisor of 65 and 65.
65
Calculate the highest common factor of 54 and 2988.
18
Calculate the highest common factor of 114 and 8493.
57
What is the highest common factor of 71 and 1?
1
Calculate the highest common divisor of 180 and 1152.
36
What is the greatest common factor of 77 and 55?
11
Calculate the greatest common factor of 12 and 162.
6
What is the greatest common factor of 18 and 522?
18
What is the highest common factor of 602 and 14?
14
What is the highest common divisor of 242 and 2134?
22
What is the highest common factor of 16 and 8144?
16
Calculate the greatest common divisor of 95 and 323.
19
Calculate the greatest common divisor of 4004 and 273.
91
What is the greatest common factor of 2478 and 531?
177
Calculate the greatest common divisor of 56 and 84.
28
Calculate the highest common factor of 12 and 2420.
4
What is the greatest common factor of 81 and 648?
81
What is the greatest common divisor of 241 and 17593?
241
What is the highest common factor of 2502 and 36?
18
What is the greatest common factor of 550 and 1540?
110
What is the highest common factor of 64 and 1568?
32
Calculate the highest common divisor of 60 and 5205.
15
Calculate the greatest common factor of 24 and 96.
24
What is the greatest common divisor of 17 and 1088?
17
Calculate the highest common factor of 144 and 9.
9
Calculate the highest common divisor of 31 and 2511.
31
What is the highest common divisor of 5074 and 258?
86
Calculate the highest common divisor of 21 and 420.
21
What is the greatest common divisor of 80 and 50?
10
What is the highest common divisor of 5355 and 459?
153
What is the highest common divisor of 6 and 369?
3
What is the greatest common divisor of 128 and 236?
4
What is the greatest common factor of 848 and 3074?
106
Calculate the highest common divisor of 11 and 3971.
11
What is the highest common factor of 248 and 310?
62
Calculate the greatest common factor of 936 and 216.
72
Calculate the greatest common factor of 261 and 58.
29
Calculate the greatest common factor of 29480 and 220.
220
What is the highest common factor of 6 and 906?
6
What is the highest common factor of 108 and 54?
54
What is the highest common divisor of 74228 and 308?
308
Calculate the greatest common factor of 48 and 6344.
8
Calculate the highest common divisor of 128 and 416.
32
What is the greatest common factor of 98 and 49?
49
Calculate the greatest common divisor of 26499 and 22.
11
Calculate the highest common factor of 38 and 95.
19
What is the greatest common divisor of 38 and 1615?
19
Calculate the greatest common factor of 188 and 4324.
188
What is the highest common factor of 472 and 1016?
8
Calculate the greatest common factor of 361 and 2527.
361
What is the highest common factor of 23 and 6?
1
Calculate the highest common factor of 74 and 4033.
37
Calculate the highest common factor of 30 and 465.
15
What is the greatest common divisor of 2 and 10?
2
What is the highest common divisor of 2430 and 36?
18
What is the highest common divisor of 138 and 8?
2
Calculate the greatest common divisor of 28 and 23996.
28
What is the greatest common divisor of 3 and 51?
3
What is the highest common factor of 2124 and 72?
36
Calculate the greatest common factor of 273 and 117.
39
Calculate the greatest common factor of 120 and 270.
30
What is the greatest common divisor of 13 and 923?
13
Calculate the greatest common divisor of 185 and 4477.
37
Calculate the greatest common factor of 345 and 15.
15
Calculate the highest common divisor of 252 and 3114.
18
Calculate the greatest common factor of 204 and 24.
12
What is the greatest common factor of 32 and 79?
1
Calculate the highest common factor of 8 and 824.
8
What is the greatest common factor of 12 and 972?
12
Calculate the greatest common divisor of 1159 and 19.
19
What is the greatest common factor of 9 and 1845?
9
What is the highest common factor of 22185 and 290?
145
What is the highest common divisor of 682 and 22?
22
What is the greatest common divisor of 1521 and 468?
117
What is the greatest common factor of 248 and 31?
31
Calculate the highest common divisor of 672 and 3304.
56
What is the highest common factor of 320 and 1880?
40
What is the highest common factor of 12 and 4044?
12
What is the highest common factor of 5 and 215?
5
Calculate the highest common divisor of 17 and 28781.
17
Calculate the greatest common divisor of 79 and 16906.
79
What is the highest common factor of 9417 and 657?
219
Calculate the greatest common factor of 10456 and 8.
8
What is the highest common factor of 12 and 68028?
12
What is the highest common factor of 315 and 45?
45
What is the highest common divisor of 105 and 28?
7
Calculate the highest common divisor of 26 and 26.
26
Calculate the greatest common divisor of 12 and 32.
4
Calculate the highest common divisor of 355 and 10153.
71
Calculate the greatest common factor of 56 and 2870.
14
Calculate the greatest common divisor of 19 and 6859.
19
Calculate the greatest common factor of 3270 and 135.
15
Calculate the greatest common divisor of 6 and 189.
3
What is the highest common factor of 837 and 54?
27
Calculate the greatest common divisor of 14 and 58289.
7
What is the highest common divisor of 665 and 1520?
95
What is the greatest common divisor of 12 and 324?
12
Calculate the highest common divisor of 30 and 690.
30
What is the greatest common factor of 130 and 3055?
65
Calculate the greatest common divisor of 10 and 230.
10
Calculate the highest common divisor of 37 and 7474.
37
What is the greatest common divisor of 452 and 40?
4
What is the greatest common divisor of 21 and 399?
21
What is the greatest common divisor of 6 and 44532?
6
Calculate the greatest common divisor of 3763 and 318.
53
What is the greatest common factor of 18 and 1440?
18
What is the highest common divisor of 3749 and 184?
23
Calculate the greatest common divisor of 4180 and 190.
190
Calculate the highest common factor of 16 and 5968.
16
Calculate the greatest common factor of 37 and 3145.
37
Calculate the greatest common divisor of 77648 and 92.
92
What is the highest common factor of 4011 and 21?
21
What is the highest common factor of 882 and 2142?
126
What is the highest common divisor of 30 and 1125?
15
What is the highest common divisor of 60 and 23430?
30
What is the highest common divisor of 1292 and 20995?
323
What is the greatest common divisor of 4 and 428?
4
What is the greatest common factor of 203 and 133?
7
Calculate the highest common factor of 896 and 182.
14
Calculate the greatest common factor of 6 and 108.
6
What is the greatest common factor of 616 